ase 5, what is 1 + 3141041?
3141042
In base 11, what is -154 + -561?
-705
In base 13, what is -65131 + 30?
-65101
In base 11, what is 367a + -1?
3679
In base 11, what is -4 - -37304?
37300
In base 4, what is -203200 - -2202?
-200332
In base 9, what is 0 + 10363?
10363
In base 2, what is -111010101011 + 110101101?
-110011111110
In base 6, what is -30002445 + 4?
-30002441
In base 16, what is -13af - -3?
-13ac
In base 14, what is 420cb1 - -3?
420cb4
In base 11, what is 5a4 - -2480?
2a74
In base 7, what is 5361 - 260?
5101
In base 10, what is -10 - -3345?
3335
In base 7, what is -11060032 - -1?
-11060031
In base 6, what is -345 + 124?
-221
In base 4, what is 1101232 - -32?
1101330
In base 16, what is -28f - 1e8?
-477
In base 14, what is -1d + -1224?
-1243
In base 15, what is -2c4 + 222?
-a2
In base 2, what is -1100010010100 + -1001?
-1100010011101
In base 7, what is 141 + 3434?
3605
In base 9, what is 4 + 24531?
24535
In base 4, what is -313323 - 11?
-320000
In base 6, what is 234223545 - 3?
234223542
In base 6, what is -44 + 1405?
1321
In base 15, what is -2 - -1697?
1695
In base 10, what is 58401 - -11?
58412
In base 5, what is 24244343 - 4?
24244334
In base 5, what is 142104012 - 2?
142104010
In base 3, what is 1 + -1201202210020?
-1201202210012
In base 11, what is 169 - 2a8?
-13a
In base 9, what is -3372477 - 4?
-3372482
In base 11, what is -18638 + 18a?
-18459
In base 5, what is 22204114 - 2?
22204112
In base 4, what is -31203 - 2110?
-33313
In base 11, what is 0 + 2a409?
2a409
In base 15, what is -120bd + 14?
-120a9
In base 12, what is a660 + 2?
a662
In base 7, what is 12 + -115311?
-115266
In base 11, what is 85a8 + 15?
8612
In base 9, what is 4632 + 32?
4664
In base 13, what is -8477 - -4?
-8473
In base 5, what is -1433 - -443213?
441230
In base 8, what is 174505 + -13?
174472
In base 6, what is -214 + -120?
-334
In base 6, what is -1325 - -4?
-1321
In base 14, what is b67c - -26?
b6a4
In base 8, what is 2552 - -62?
2634
In base 13, what is -6 - -69998?
69992
In base 15, what is 293 + -6e?
224
In base 13, what is 51509 + -3?
51506
In base 2, what is -101011011 - -1001100100?
100001001
In base 2, what is 11001110010000100011 + -10?
11001110010000100001
In base 10, what is 4758 + 36?
4794
In base 2, what is 1001010100 + 11110?
1001110010
In base 15, what is -2 + -5388?
-538a
In base 9, what is 803 - -8275?
10178
In base 8, what is 22302 - 24?
22256
In base 15, what is -46906 - -3?
-46903
In base 13, what is -1 - 8a35?
-8a36
In base 7, what is -44156 + 3?
-44153
In base 6, what is 31335410 - 1?
31335405
In base 9, what is 11420 + -64?
11345
In base 4, what is -1103 - 221312?
-223021
In base 12, what is -5 - 2b1a?
-2b23
In base 5, what is 1 - -21412124?
21412130
In base 4, what is -10000310 - 0?
-10000310
In base 6, what is 10433204 - -1?
10433205
In base 15, what is 140ab + -c?
1409e
In base 8, what is 1 + -432137?
-432136
In base 5, what is 40 - -412204?
412244
In base 10, what is 421993 + 0?
421993
In base 14, what is -23bab - -1?
-23baa
In base 14, what is 28add6 - -4?
28adda
In base 13, what is 5197c + 2?
51981
In base 13, what is -1a0a + a?
-1a00
In base 4, what is 2 - -2333032033?
2333032101
In base 16, what is 1 - 2927?
-2926
In base 7, what is -35115 - -3?
-35112
In base 14, what is b + 1116d?
1117a
In base 15, what is -3 + -5e22?
-5e25
In base 8, what is -2 + -4162737?
-4162741
In base 7, what is -164 - -40131?
36634
In base 10, what is -29 + 15465?
15436
In base 13, what is -7 - -186aa?
186a3
In base 13, what is 2a + -2651?
-2624
In base 4, what is -1233102 - 32?
-1233200
In base 7, what is 20641035 + 5?
20641043
In base 12, what is -5596 - 1b?
-55b5
In base 4, what is 203122011 - -10?
203122021
In base 11, what is -a + -5700?
-570a
In base 16, what is 5 - c03?
-bfe
In base 5, what is 2342 - -203?
3100
In base 12, what is 11b6 - -3?
11b9
In base 3, what is 201102 + -2011122?
-1110020
In base 13, what is -1631 - -18?
-1616
In base 11, what is -1804 + 244?
-1570
In base 9, what is 231 - 1715?
-1474
In base 7, what is 2 + -14455056?
-14455054
In base 12, what is -4 + -2a00?
-2a04
In base 5, what is -33033 - 10?
-33043
In base 13, what is -269 - -77?
-1c2
In base 12, what is -7b9 - 13?
-810
In base 14, what is -3a1 - -d?
-392
In base 13, what is 9648 + 69?
96b4
In base 4, what is -231332 + 3133?
-222133
In base 9, what is -44047 - -2?
-44045
In base 5, what is 23 - -303320?
303343
In base 3, what is 0 - -110212212210?
110212212210
In base 11, what is 19a + -8793?
-85a4
In base 13, what is 6a - -26a9?
2746
In base 3, what is -101220110 + -211?
-101221021
In base 14, what is -168c2 + -19?
-168db
In base 10, what is 15921 - -1?
15922
In base 6, what is 1525211 - 3?
1525204
In base 6, what is 212 + -24542?
-24330
In base 14, what is 3657 - -27a?
38d3
In base 8, what is -14720 + -2?
-14722
In base 10, what is -67770 + 3?
-67767
In base 10, what is 2657954 + 1?
2657955
In base 3, what is 1 + -120111220?
-120111212
In base 7, what is -61136 + -1255?
-62424
In base 15, what is ee6 + 45?
103b
In base 10, what is -50 + -116?
-166
In base 3, what is -111121002012 + -2?
-111121002021
In base 5, what is -102314 - -414?
-101400
In base 13, what is -154 + a3?
-81
In base 2, what is 1001 - -1110101110111?
1110110000000
In base 12, what is 4 + -16a01?
-169b9
In base 3, what is -20200222 - 21?
-20201020
In base 8, what is 22 + -1472?
-1450
In base 8, what is -12 + 222754?
222742
In base 3, what is 12 - -11110222?
11111011
In base 5, what is 0 + -4313244?
-4313244
In base 2, what is -11111000010010111011 + 0?
-11111000010010111011
In base 7, what is 401 + -14343?
-13642
In base 16, what is d5b + -9c?
cbf
In base 12, what is -2 + 2282?
2280
In base 11, what is 5 - 537022?
-537018
In base 13, what is -5 - -1055?
1050
In base 14, what is 5 + 58b75?
58b7a
In base 3, what is -211001 - 112?
-211120
In base 13, what is -c - -3383c?
33830
In base 13, what is -45189 - 2?
-4518b
In base 11, what is 1a15 - -a5?
200a
In base 2, what is 1000000011 - 100111110110?
-11111110011
In base 2, what is -10000011101 - 10?
-10000011111
In base 7, what is 35143 + -14?
35126
In base 16, what is 165 - 66?
ff
In base 12, what is 9 - -4041?
404a
In base 16, what is -1dc + -329?
-505
In base 12, what is 133900 - -5?
133905
In base 9, what is 10276 + -83?
10183
In base 4, what is 12213 - -201000?
213213
In base 13, what is -202 + 2c4b?
2a49
In base 9, what is 8 + -33833?
-33824
In base 4, what is 11 + -1210310?
-1210233
In base 8, what is 664674 + 1?
664675
In base 4, what is -2 - 301131202?
-301131210
In base 3, what is 11 - 11020200012?
-11020200001
In base 11, what is 902 + 1155?
1a57
In base 12, what is -4 + -2991?
-2995
In base 15, what is 37 + -4e47?
-4e10
In base 7, what is -44 + 4204?
4130
In base 16, what is 4 + -ed60?
-ed5c
In base 9, what is -11088777 + 2?
-11088775
In base 11, what is -580 - 16?
-596
In base 2, what is 1101011 - -101000100100011?
101000110001110
In base 3, what is 10 + -110212110?
-110212100
In base 7, what is -312456 - 4?
-312463
In base 4, what is -12011210 + -12?
-12011222
In base 12, what is 189 - 5624?
-5457
In base 3, what is -12 - -11011020?
11011001
In base 9, what is -324 - -1312?
877
In base 10, what is 4306915 - -2?
4306917
In base 5, what is -102 - -44310?
44203
In base 9, what is 3 + -324602?
-324588
In base 15, what is -33 + -1c04?
-1c37
In base 7, what is -2 - 1626613?
-1626615
In base 9, what is -64154 - 1?
-64155
In base 4, what is 12203 - 3102?
3101
In base 12, what is 73573 - -3?
73576
In base 11, what is 456 - 176?
290
In base 3, what is 1202 - -1021110210?
1021112112
In base 5, what is -104 - 40312?
-40421
In base 3, what is -10120011 - 21222?
-10212010
In base 9, what is 1 - 2158546?
-2158545
In base 6, what is 255432 - -30?
255502
In base 13, what is 1590c9 - -3?
1590cc
In base 10, what is -6432 - 139?
-6571
In base 5, what is 3401 + 230?
4131
In base 9, what is 54 - -3413?
3467
In base 9, what is 1 - 2585074?
-2585073
In base 15, what is 40 + -1693?
-1653
In base 3, what is 21110000 + -2?
21102221
In base 14, what is 217a - -5?
2181
In base 9, what is -1 - 53275?
-53276
In base 16, what is -205ea9 - 1?
-205eaa
In base 9, what is 1223427 + 3?
1223431
In base 5, what is 22324 - -310?
23134
In base 4, what is -11213 + 12?
-11201
I